
2, 3, 6967
What are the prime factors of 32812?
2, 13, 631
List the prime factors of 21526.
2, 47, 229
List the prime factors of 4440.
2, 3, 5, 37
What are the prime factors of 1155?
3, 5, 7, 11
List the prime factors of 10130.
2, 5, 1013
List the prime factors of 2388.
2, 3, 199
What are the prime factors of 589?
19, 31
What are the prime factors of 12405?
3, 5, 827
What are the prime factors of 17228?
2, 59, 73
What are the prime factors of 127?
127
What are the prime factors of 1109?
1109
List the prime factors of 2770.
2, 5, 277
List the prime factors of 22290.
2, 3, 5, 743
List the prime factors of 72805.
5, 14561
List the prime factors of 13541.
11, 1231
List the prime factors of 842.
2, 421
What are the prime factors of 947?
947
What are the prime factors of 33635?
5, 7, 31
List the prime factors of 15350.
2, 5, 307
What are the prime factors of 263?
263
List the prime factors of 13592.
2, 1699
What are the prime factors of 978?
2, 3, 163
What are the prime factors of 935?
5, 11, 17
List the prime factors of 7621.
7621
List the prime factors of 39678.
2, 3, 17, 389
What are the prime factors of 36442?
2, 7, 19, 137
List the prime factors of 1512.
2, 3, 7
List the prime factors of 35709.
3, 11903
What are the prime factors of 11917?
17, 701
List the prime factors of 32071.
13, 2467
What are the prime factors of 8064?
2, 3, 7
List the prime factors of 1951.
1951
List the prime factors of 175430.
2, 5, 53, 331
List the prime factors of 4426.
2, 2213
List the prime factors of 1345.
5, 269
What are the prime factors of 2088?
2, 3, 29
What are the prime factors of 79829?
79829
What are the prime factors of 175?
5, 7
List the prime factors of 39637.
13, 3049
List the prime factors of 313.
313
What are the prime factors of 12087?
3, 17, 79
What are the prime factors of 32535?
3, 5, 241
List the prime factors of 32382.
2, 3, 7, 257
What are the prime factors of 5623?
5623
List the prime factors of 71805.
3, 5, 4787
What are the prime factors of 6131?
6131
What are the prime factors of 6304?
2, 197
List the prime factors of 24376.
2, 11, 277
List the prime factors of 876.
2, 3, 73
What are the prime factors of 7812?
2, 3, 7, 31
List the prime factors of 1858.
2, 929
List the prime factors of 24543.
3, 101
List the prime factors of 488.
2, 61
What are the prime factors of 39614?
2, 29, 683
What are the prime factors of 49706?
2, 29, 857
What are the prime factors of 1265?
5, 11, 23
What are the prime factors of 12731?
29, 439
List the prime factors of 108239.
17, 6367
What are the prime factors of 74640?
2, 3, 5, 311
List the prime factors of 3868.
2, 967
List the prime factors of 64566.
2, 3, 17, 211
What are the prime factors of 938?
2, 7, 67
List the prime factors of 708.
2, 3, 59
List the prime factors of 52293.
3, 17431
List the prime factors of 106650.
2, 3, 5, 79
What are the prime factors of 23101?
13, 1777
What are the prime factors of 1735?
5, 347
What are the prime factors of 573?
3, 191
List the prime factors of 5919.
3, 1973
List the prime factors of 58043.
58043
What are the prime factors of 137022?
2, 3, 41, 557
List the prime factors of 7344.
2, 3, 17
What are the prime factors of 28006?
2, 11, 19, 67
What are the prime factors of 9029?
9029
List the prime factors of 35390.
2, 5, 3539
List the prime factors of 3413.
3413
List the prime factors of 3039.
3, 1013
What are the prime factors of 21771?
3, 41, 59
List the prime factors of 15162.
2, 3, 7, 19
What are the prime factors of 65096?
2, 79, 103
List the prime factors of 1253.
7, 179
What are the prime factors of 1057?
7, 151
List the prime factors of 86898.
2, 3, 7, 2069
List the prime factors of 17593.
73, 241
What are the prime factors of 7198?
2, 59, 61
What are the prime factors of 738?
2, 3, 41
What are the prime factors of 12975?
3, 5, 173
What are the prime factors of 131?
131
List the prime factors of 45263.
45263
What are the prime factors of 129?
3, 43
List the prime factors of 76891.
17, 4523
What are the prime factors of 25107?
3, 8369
List the prime factors of 98820.
2, 3, 5, 61
What are the prime factors of 73749?
3, 13, 31, 61
List the prime factors of 16840.
2, 5, 421
What are the prime factors of 261?
3, 29
List the prime factors of 849.
3, 283
What are the prime factors of 3571?
3571
What are the prime factors of 7818?
2, 3, 1303
What are the prime factors of 22709?
22709
What are the prime factors of 13055?
5, 7, 373
What are the prime factors of 8334?
2, 3, 463
What are the prime factors of 21442?
2, 71, 151
What are the prime factors of 2272?
2, 71
What are the prime factors of 15583?
15583
What are the prime factors of 688?
2, 43
List the prime factors of 83211.
3, 27737
What are the prime factors of 15738?
2, 3, 43, 61
List the prime factors of 122492.
2, 113, 271
List the prime factors of 147516.
2, 3, 19, 647
What are the prime factors of 3232?
2, 101
What are the prime factors of 6027?
3, 7, 41
What are the prime factors of 16808?
2, 11, 191
List the prime factors of 4574.
2, 2287
List the prime factors of 12010.
2, 5, 1201
What are the prime factors of 18313?
18313
List the prime factors of 25754.
2, 79, 163
List the prime factors of 4986.
2, 3, 277
What are the prime factors of 50574?
2, 3, 8429
What are the prime factors of 34?
2, 17
List the prime factors of 2671.
2671
List the prime factors of 3227.
7, 461
What are the prime factors of 6043?
6043
List the prime factors of 5883.
3, 37, 53
What are the prime factors of 400?
2, 5
List the prime factors of 4274.
2, 2137
List the prime factors of 5015.
5, 17, 59
What are the prime factors of 1975?
5, 79
What are the prime factors of 2262?
2, 3, 13, 29
List the prime factors of 53548.
2, 11, 1217
What are the prime factors of 3185?
5, 7, 13
What are the prime factors of 1854?
2, 3, 103
What are the prime factors of 157956?
2, 3, 13163
What are the prime factors of 7445?
5, 1489
List the prime factors of 2913.
3, 971
What are the prime factors of 3036?
2, 3, 11, 23
List the prime factors of 1461.
3, 487
What are the prime factors of 52380?
2, 3, 5, 97
List the prime factors of 130.
2, 5, 13
List the prime factors of 22312.
2, 2789
List the prime factors of 959.
7, 137
What are the prime factors of 7269?
3, 2423
List the prime factors of 20.
2, 5
What are the prime factors of 28060?
2, 5, 23, 61
What are the prime factors of 6832?
2, 7, 61
What are the prime factors of 3847?
3847
List the prime factors of 90021.
3, 37, 811
What are the prime factors of 4226?
2, 2113
List the prime factors of 3700.
2, 5, 37
What are the prime factors of 284?
2, 71
What are the prime factors of 25343?
25343
List the prime factors of 17768.
2, 2221
List the prime factors of 23112.
2, 3, 107
What are the prime factors of 104891?
104891
List the prime factors of 920.
2, 5, 23
What are the prime factors of 150175?
5, 6007
List the prime factors of 1870.
2, 5, 11, 17
What are the prime factors of 107618?
2, 7, 7687
What are the prime factors of 8517?
3, 17, 167
What are the prime factors of 25202?
2, 12601
List the prime factors of 100424.
2, 12553
List the prime factors of 20535.
3, 5, 37
What are the prime factors of 1946?
2, 7, 139
What are the prime factors of 1461?
3, 487
What are the prime factors of 3562?
2, 13, 137
What are the prime factors of 2634?
2, 3, 439
List the prime factors of 24502.
2, 12251
List the prime factors of 15116.
2, 3779
What are the prime factors of 14608?
2, 11, 83
What are the prime factors of 546?
2, 3, 7, 13
What are the prime factors of 88?
2, 11
List the prime factors of 13478.
2, 23, 293
What are the prime factors of 97634?
2, 48817
List the prime factors of 6164.
2, 23, 67
What are the prime factors of 17422?
2, 31, 281
What are the prime factors of 35958?
2, 3, 13, 461
What are the prime factors of 4240?
2, 5, 53
List the prime factors of 11784.
2, 3, 491
List the prime factors of 33510.
2, 3, 5, 1117
List the prime factors of 5572.
2, 7, 199
List the prime factors of 7829.
7829
List the prime factors of 7988.
2, 1997
What are the prime factors of 5236?
2, 7, 11, 17
What are the prime factors of 1461?
3, 487
What are the prime factors of 169?
13
List the prime factors of 124848.
2, 3, 17
List the prime factors of 17770.
2, 5, 1777
List the prime factors of 1103.
1103
What are the prime